2*j. What is the greatest common factor of 15 and m?
15
Let s be (162/12)/(2/4). Suppose 2*w + 7 = s. Suppose 547 = 5*v - 3*g, 5*v - 2*g + 6*g = 554. What is the highest common divisor of v and w?
10
Suppose -5*t - f + 225 = 0, -4*t + 199 = -0*t - 3*f. Calculate the greatest common divisor of 69 and t.
23
Let f(g) = -63*g**3 - g. Let x be f(-1). Let z(b) = 21*b - 5. Let t be z(1). Calculate the highest common divisor of t and x.
16
Suppose -3*h + 4*h - 1 = 0. Calculate the greatest common divisor of 19 and h.
1
Suppose -2*q - b = -6*b - 19, 0 = -3*q - 4*b + 40. Let a be (-30)/4*q/(-9). Let u = a - 0. Calculate the greatest common divisor of 2 and u.
2
Let v(j) = j**2 + 9*j + 8. Let h be v(-7). Let u = 12 + h. Let r be (-3)/u*2 + 27. What is the highest common factor of r and 39?
13
Suppose 0*s - 2*s = -4. Suppose -s*k - 18 = -2*n + 8, -5*k = -n + 9. Let h = 141 - 85. What is the greatest common factor of n and h?
14
Let n = 6 + 12. Let y = 26 + -17. What is the greatest common divisor of y and n?
9
Let z = 1 + 1. Let x be (-3)/(((-1)/z)/1). Calculate the greatest common factor of 2 and x.
2
Let m(u) = 4*u - 4. Suppose -4*j + 30 = -j. Let b be m(j). Calculate the highest common divisor of b and 12.
12
Let j = 81 - 59. What is the highest common factor of j and 55?
11
Let a(g) = -8*g + 119. Let q be a(0). Calculate the greatest common divisor of q and 7.
7
Suppose 2*f = -3*f + 80. Calculate the highest common divisor of 136 and f.
8
Suppose -4 + 1 = -w. Let z(s) = -s**3 - 3*s**2 - 3*s - 3. Let u be z(-3). What is the highest common factor of w and u?
3
Let a = 407 - 269. Let d = a + -68. Calculate the greatest common factor of 14 and d.
14
Let a = -5 - -17. Let c = 34 + -10. Calculate the greatest common factor of c and a.
12
Let h = -15 + 36. Calculate the greatest common factor of h and 3.
3
Let p = 1 + 1. Let a = 5 - 15. Let n = a - -24. Calculate the greatest common factor of n and p.
2
Suppose -612 = -5*h - 12*h. Calculate the highest common divisor of 72 and h.
36
Let g = -17 + 24. What is the highest common factor of g and 56?
7
Let f = 6 - 0. Suppose 4*u = 2*j - f, -2*u - 24 = -3*j - u. Suppose -d - 8*x + 77 = -7*x, -2*d + 174 = -3*x. What is the greatest common factor of d and j?
9
Let u(d) = -d**3 - 9*d**2 + 3*d + 6. Let n be u(-10). Let c = 32 - n. Let h = -30 - c. What is the highest common divisor of 35 and h?
7
Let k(z) = z**2 + 8*z - 3. Let s be k(-9). Calculate the greatest common factor of s and 36.
6
Suppose -4*d = 3*l + 864, 2*l = -5*d - 1696 + 616. Let h be (6/12)/((-2)/d). Calculate the highest common divisor of h and 18.
18
Let g be 1 + 2 - (2 + -5). Suppose -2*k + 63 + 48 = -3*z, -265 = -5*k + 5*z. Calculate the highest common divisor of k and g.
6
Suppose 16*v - 427 = -91. Let f be (-14)/3 - 1/3. Let b be (-4)/(-10) + (-13)/f. What is the highest common divisor of b and v?
3
Let x = 6 + 8. Let w = -254 + 171. Let m = w - -118. What is the highest common divisor of x and m?
7
Let l = 62 - 20. Calculate the greatest common divisor of l and 14.
14
Let m = -16 + 10. Let n = 10 + m. Suppose -n*q = -5*b + 107, 0*b - 4*b = q - 94. Calculate the greatest common factor of b and 115.
23
Let w be 8/3*(26/8 - 1). Calculate the greatest common divisor of w and 2.
2
Suppose 0 = 3*m - 6*m - 2*v + 1920, m = -4*v + 650. What is the highest common divisor of 58 and m?
58
Let s be (16/(-4))/4*-11. Let p = s - 0. What is the greatest common factor of p and 55?
11
Let x(m) = 4*m + 56. Let l be x(-13). What is the greatest common factor of 4 and l?
4
Let x be (1 + 0)/((-3)/(-15)). Let y be (-22)/(-8) + 1/4. Suppose 45 = y*n - 3*w, 3*n - x*w = 12 + 43. What is the greatest common factor of n and 90?
10
Let z be -9 + 74 + (-1 - 0)/1. Let a(i) = 4*i + 8. Let u be a(6). What is the greatest common factor of z and u?
32
Let z(t) = t**2 + 17. Let y be z(0). Suppose -103 = -4*c + y. Calculate the highest common divisor of 20 and c.
10
Suppose -3*l - 6 = -0*l. Let f be (l - 1)/((-1)/7). Suppose -26*t = -27*t + 168. What is the highest common divisor of t and f?
21
Suppose -15 = -c - 1. What is the greatest common divisor of 21 and c?
7
Suppose 0 = -c + 3*c - 3*k - 9, -27 = -5*c + 3*k. Let f be 2*(0 - (-9)/c). What is the greatest common factor of f and 24?
3
Let u be 1*-2*33/(-6). Suppose -w = m - 3*w - u, 0 = 2*m + 3*w - 36. Calculate the highest common factor of 3 and m.
3
Let b = 6 - 4. Suppose -d - 13 = -b*d. What is the highest common factor of d and 26?
13
Suppose 0*k + k = 176. Suppose -3 - 2 = 5*n. Let r be -2 + 18 + n + 1. Calculate the highest common divisor of r and k.
16
Let d = -175 - -319. Let i = -21 + 37. What is the greatest common factor of i and d?
16
Suppose y = -0*y - 20. Let a = -1 - y. What is the highest common factor of a and 38?
19
Let b = -154 + 259. Suppose -2 = -z + 13. Calculate the greatest common factor of b and z.
15
Let f(i) = i**3 + 11*i**2 - 12*i + 1. Let v be f(-12). Let j be -4 - -7 - (-43 + v). Calculate the highest common factor of j and 18.
9
Let b(y) = -y**3 - 4*y**2 + 5*y + 3. Let x be b(-6). Calculate the greatest common factor of x and 9.
9
Suppose 0 = -2*c + y + 116, 0*c - 3*c - 5*y = -148. Let f be (-2)/(1 + 0) - -10. Calculate the highest common factor of c and f.
8
Let a = -46 + 123. Suppose -3*y = -40 + 19. Calculate the greatest common factor of a and y.
7
Suppose 2*c = c + 16. What is the highest common factor of c and 8?
8
Let w be (-2)/7 - (-312)/14. Let m = 42 - w. Let y(g) = g - 4. Let d be y(12). What is the greatest common factor of d and m?
4
Suppose 3*s + 3*n - 54 = -0*s, s + 5*n = 6. What is the greatest common factor of s and 189?
21
Let h = -11 + 17. Let p be 112*(h/(-4) + 2). Let n be (7/(-2))/(3/(-6)). What is the highest common divisor of n and p?
7
Suppose -k - 33 = -5*u + 178, 35 = u - 2*k. What is the greatest common factor of u and 43?
43
Let a be (1 - -1 - -1) + 1. Suppose 6*j - a*j = 242. Calculate the highest common factor of j and 11.
11
Let k(h) = -7*h - 30. Let z be k(-6). What is the highest common factor of 108 and z?
12
Suppose -x + 2*u + 38 = 2*x, 4*x - 56 = 4*u. Let b = x - 8. Suppose b*h - h = 9. Calculate the greatest common divisor of 36 and h.
9
Let h(p) = -p**3 + 8*p**2 - 5*p - 10. Let w be h(7). Let d be (1 - w)*1 + 19. Calculate the highest common divisor of 64 and d.
16
Suppose 10*m - 15 = 13*m. Let w(g) = -4*g - 1 + 4*g - g. Let u be w(m). What is the greatest common divisor of 44 and u?
4
Let f be (1/(-6)*4)/((-3)/54). What is the greatest common divisor of f and 42?
6
Suppose 0 = 4*o - 9*o. Suppose -5*c + 3*r - 2*r = -960, o = 4*c + 5*r - 768. Suppose -u + c = 2*u. What is the highest common factor of 8 and u?
8
Let r = 48 + -44. What is the highest common factor of 16 and r?
4
Suppose -10 = f + 3*x - 5, -3*f + 10 = 4*x. Let t be ((-3)/(-2))/(1/f). Calculate the greatest common factor of t and 6.
3
Suppose 0 = m + 5*i - 23, 4*m - 18 = 2*m - 3*i. Suppose m*u = -u + 12. Suppose 0 = -u*j + j + 14. Calculate the greatest common factor of 7 and j.
7
Suppose 270 = 3*z - 0*z. Let w(c) = 2*c + 2. Let g be w(4). What is the greatest common divisor of z and g?
10
Suppose -5*v + 330 = 4*w, 5*w + 66 + 29 = v. Calculate the highest common divisor of 175 and v.
35
Let a be (1 - 2)*5/(-1). Suppose -a*n + 0*n = 0. Suppose -3*g + 13 = p, 5*g - 3*g - 4*p + 10 = n. Calculate the greatest common factor of 21 and g.
3
Let n(j) be the first derivative of -j**3/3 - 2*j**2 + 3*j - 3. Let a be n(-4). What is the highest common divisor of a and 24?
3
Suppose -3*o + 400 = -2*a, -5*o + 5*a = -655 - 15. Suppose 6*f - 36 = 3*f. Calculate the greatest common divisor of o and f.
12
Let m be (3 - -2*5)*1. What is the greatest common factor of m and 26?
13
Suppose 3*r - 1 - 65 = 0. What is the highest common factor of 2 and r?
2
Let n be (3/(-6))/(1/(-4)). Let q = n + 0. What is the greatest common factor of 22 and q?
2
Suppose 0*r - 4*r + 40 = 0. Calculate the highest common divisor of 10 and r.
10
Suppose 4*u = 21 + 99. Let h = 29 - 24. Calculate the greatest common divisor of h and u.
5
Suppose 135 = -0*h + h. Let k = h + -15. Suppose 3*t + 15 = 4*t. Calculate the highest common divisor of k and t.
15
Suppose 4*t - 5 = 7. Suppose 0 = -4*o + 5 + 7. Calculate the greatest common factor of